{"id":328,"date":"2024-04-05T21:30:59","date_gmt":"2024-04-05T19:30:59","guid":{"rendered":"http:\/\/172.16.215.10\/wordpress\/?page_id=328"},"modified":"2026-05-13T14:09:37","modified_gmt":"2026-05-13T18:09:37","slug":"descripcion-de-los-objetivos-y-funciones-principales-de-la-entidad-2","status":"publish","type":"page","link":"https:\/\/presidencia.gob.bo\/index.php\/descripcion-de-los-objetivos-y-funciones-principales-de-la-entidad-2\/","title":{"rendered":"Objetivos institucionales"},"content":{"rendered":"\n<p class=\"wp-block-paragraph\">El Ministerio de la Presidencia, como columna vertebral de la gesti\u00f3n gubernamental, asume con responsabilidad hist\u00f3rica el desaf\u00edo de articular la acci\u00f3n pol\u00edtica, social y comunicacional del Estado Plurinacional de Bolivia. En el marco de la Constituci\u00f3n Pol\u00edtica del Estado, los objetivos estrat\u00e9gicos constituyen la base de una gesti\u00f3n p\u00fablica inclusiva, transparente y comprometida con las grandes mayor\u00edas.<br><\/p>\n","protected":false},"excerpt":{"rendered":"<p>El Ministerio de la Presidencia, como columna vertebral de la gesti\u00f3n gubernamental, asume con responsabilidad hist\u00f3rica el desaf\u00edo de articular la acci\u00f3n pol\u00edtica, social y comunicacional del Estado Plurinacional de Bolivia. En el marco de la Constituci\u00f3n Pol\u00edtica del Estado, los objetivos estrat\u00e9gicos constituyen la base de una gesti\u00f3n p\u00fablica inclusiva, transparente y comprometida con [&hellip;]<\/p>\n","protected":false},"author":1,"featured_media":0,"parent":0,"menu_order":0,"comment_status":"closed","ping_status":"closed","template":"","meta":{"_acf_changed":false,"footnotes":""},"class_list":["post-328","page","type-page","status-publish","hentry"],"acf":[],"_links":{"self":[{"href":"https:\/\/presidencia.gob.bo\/index.php\/wp-json\/wp\/v2\/pages\/328","targetHints":{"allow":["GET"]}}],"collection":[{"href":"https:\/\/presidencia.gob.bo\/index.php\/wp-json\/wp\/v2\/pages"}],"about":[{"href":"https:\/\/presidencia.gob.bo\/index.php\/wp-json\/wp\/v2\/types\/page"}],"author":[{"embeddable":true,"href":"https:\/\/presidencia.gob.bo\/index.php\/wp-json\/wp\/v2\/users\/1"}],"replies":[{"embeddable":true,"href":"https:\/\/presidencia.gob.bo\/index.php\/wp-json\/wp\/v2\/comments?post=328"}],"version-history":[{"count":17,"href":"https:\/\/presidencia.gob.bo\/index.php\/wp-json\/wp\/v2\/pages\/328\/revisions"}],"predecessor-version":[{"id":19065,"href":"https:\/\/presidencia.gob.bo\/index.php\/wp-json\/wp\/v2\/pages\/328\/revisions\/19065"}],"wp:attachment":[{"href":"https:\/\/presidencia.gob.bo\/index.php\/wp-json\/wp\/v2\/media?parent=328"}],"curies":[{"name":"wp","href":"https:\/\/api.w.org\/{rel}","templated":true}]}}

<p class="wp-block-paragraph">El Ministerio de la Presidencia, como columna vertebral de la gestión gubernamental, asume con responsabilidad histórica el desafío de articular la acción política, social y comunicacional del Estado Plurinacional de Bolivia. En el marco de la Constitución Política del Estado, los objetivos estratégicos constituyen la base de una gestión pública inclusiva, transparente y comprometida con las grandes mayorías.<br></p>

<p>El Ministerio de la Presidencia, como columna vertebral de la gestión gubernamental, asume con responsabilidad histórica el desafío de articular la acción política, social y comunicacional del Estado Plurinacional de Bolivia. En el marco de la Constitución Política del Estado, los objetivos estratégicos constituyen la base de una gestión pública inclusiva, transparente y comprometida con [&hellip;]</p>
