{"id":309,"date":"2024-04-05T21:30:25","date_gmt":"2024-04-05T19:30:25","guid":{"rendered":"http:\/\/172.16.215.10\/wordpress\/?page_id=309"},"modified":"2026-05-13T14:01:55","modified_gmt":"2026-05-13T18:01:55","slug":"declaracion-de-la-mision-vision-valores-y-principios-de-la-entidad","status":"publish","type":"page","link":"https:\/\/presidencia.gob.bo\/index.php\/declaracion-de-la-mision-vision-valores-y-principios-de-la-entidad\/","title":{"rendered":"Misi\u00f3n, visi\u00f3n, valores y principios de la entidad"},"content":{"rendered":"\n<p class=\"has-text-align-left wp-block-paragraph\"><strong>VISI\u00d3N:<\/strong> Ser el Ministerio referente de la gesti\u00f3n p\u00fablica nacional, reconocido por su capacidad de articulaci\u00f3n estrat\u00e9gica, transparencia normativa y liderazgo en la modernizaci\u00f3n tecnol\u00f3gica, logrando una gobernabilidad democr\u00e1tica e intercultural que garantice el ejercicio de los mandatos constitucionales en todo el territorio nacional.<\/p>\n\n\n\n<p class=\"wp-block-paragraph\"><strong>MISI\u00d3N:<\/strong> Coordinar la gesti\u00f3n pol\u00edtico-administrativa del \u00d3rgano Ejecutivo y la articulaci\u00f3n con los dem\u00e1s \u00d3rganos del Estado, movimientos sociales y entidades territoriales aut\u00f3nomas, garantizando la eficiencia en la gesti\u00f3n p\u00fablica por resultados, el desarrollo normativo, el gobierno digital y la implementaci\u00f3n de pol\u00edticas de gesti\u00f3n social y territorial para consolidar el Estado Plurinacional. <\/p>\n\n\n\n<p class=\"wp-block-paragraph\"><strong>VALORES Y PRINCIPIOS:<br><\/strong>Los principios y valores que rigen al Ministerio de la Presidencia constituyen la base \u00e9tica y moral de su accionar institucional. En ellos se refleja la memoria hist\u00f3rica, la visi\u00f3n de la Constituci\u00f3n y el compromiso con una gesti\u00f3n p\u00fablica transparente, inclusiva y al servicio del pueblo boliviano.<\/p>\n\n\n\n<p class=\"wp-block-paragraph\">Estos principios orientan la conducta de las servidoras y servidores p\u00fablicos. Los valores, por su parte, consolidan la cultura organizacional del Ministerio, guiando cada decisi\u00f3n y acci\u00f3n hacia la justicia social, la unidad, la responsabilidad y el respeto a la diversidad, pilares fundamentales para la construcci\u00f3n de un Estado democr\u00e1tico y soberano.<\/p>\n","protected":false},"excerpt":{"rendered":"<p>VISI\u00d3N: Ser el Ministerio referente de la gesti\u00f3n p\u00fablica nacional, reconocido por su capacidad de articulaci\u00f3n estrat\u00e9gica, transparencia normativa y liderazgo en la modernizaci\u00f3n tecnol\u00f3gica, logrando una gobernabilidad democr\u00e1tica e intercultural que garantice el ejercicio de los mandatos constitucionales en todo el territorio nacional. MISI\u00d3N: Coordinar la gesti\u00f3n pol\u00edtico-administrativa del \u00d3rgano Ejecutivo y la articulaci\u00f3n [&hellip;]<\/p>\n","protected":false},"author":1,"featured_media":0,"parent":0,"menu_order":0,"comment_status":"closed","ping_status":"closed","template":"","meta":{"_acf_changed":false,"footnotes":""},"class_list":["post-309","page","type-page","status-publish","hentry"],"acf":[],"_links":{"self":[{"href":"https:\/\/presidencia.gob.bo\/index.php\/wp-json\/wp\/v2\/pages\/309","targetHints":{"allow":["GET"]}}],"collection":[{"href":"https:\/\/presidencia.gob.bo\/index.php\/wp-json\/wp\/v2\/pages"}],"about":[{"href":"https:\/\/presidencia.gob.bo\/index.php\/wp-json\/wp\/v2\/types\/page"}],"author":[{"embeddable":true,"href":"https:\/\/presidencia.gob.bo\/index.php\/wp-json\/wp\/v2\/users\/1"}],"replies":[{"embeddable":true,"href":"https:\/\/presidencia.gob.bo\/index.php\/wp-json\/wp\/v2\/comments?post=309"}],"version-history":[{"count":24,"href":"https:\/\/presidencia.gob.bo\/index.php\/wp-json\/wp\/v2\/pages\/309\/revisions"}],"predecessor-version":[{"id":19060,"href":"https:\/\/presidencia.gob.bo\/index.php\/wp-json\/wp\/v2\/pages\/309\/revisions\/19060"}],"wp:attachment":[{"href":"https:\/\/presidencia.gob.bo\/index.php\/wp-json\/wp\/v2\/media?parent=309"}],"curies":[{"name":"wp","href":"https:\/\/api.w.org\/{rel}","templated":true}]}}

Misión, visión, valores y principios de la entidad

<p class="has-text-align-left wp-block-paragraph"><strong>VISIÓN:</strong> Ser el Ministerio referente de la gestión pública nacional, reconocido por su capacidad de articulación estratégica, transparencia normativa y liderazgo en la modernización tecnológica, logrando una gobernabilidad democrática e intercultural que garantice el ejercicio de los mandatos constitucionales en todo el territorio nacional.</p>



<p class="wp-block-paragraph"><strong>MISIÓN:</strong> Coordinar la gestión político-administrativa del Órgano Ejecutivo y la articulación con los demás Órganos del Estado, movimientos sociales y entidades territoriales autónomas, garantizando la eficiencia en la gestión pública por resultados, el desarrollo normativo, el gobierno digital y la implementación de políticas de gestión social y territorial para consolidar el Estado Plurinacional. </p>



<p class="wp-block-paragraph"><strong>VALORES Y PRINCIPIOS:<br></strong>Los principios y valores que rigen al Ministerio de la Presidencia constituyen la base ética y moral de su accionar institucional. En ellos se refleja la memoria histórica, la visión de la Constitución y el compromiso con una gestión pública transparente, inclusiva y al servicio del pueblo boliviano.</p>



<p class="wp-block-paragraph">Estos principios orientan la conducta de las servidoras y servidores públicos. Los valores, por su parte, consolidan la cultura organizacional del Ministerio, guiando cada decisión y acción hacia la justicia social, la unidad, la responsabilidad y el respeto a la diversidad, pilares fundamentales para la construcción de un Estado democrático y soberano.</p>

<p>VISIÓN: Ser el Ministerio referente de la gestión pública nacional, reconocido por su capacidad de articulación estratégica, transparencia normativa y liderazgo en la modernización tecnológica, logrando una gobernabilidad democrática e intercultural que garantice el ejercicio de los mandatos constitucionales en todo el territorio nacional. MISIÓN: Coordinar la gestión político-administrativa del Órgano Ejecutivo y la articulación [&hellip;]</p>
