{"id":18449,"date":"2026-01-16T09:27:39","date_gmt":"2026-01-16T13:27:39","guid":{"rendered":"http:\/\/172.16.215.10\/?page_id=18449"},"modified":"2026-01-16T09:27:39","modified_gmt":"2026-01-16T13:27:39","slug":"presidente-de-bolivia","status":"publish","type":"page","link":"https:\/\/presidencia.gob.bo\/index.php\/presidente-de-bolivia\/","title":{"rendered":"Presidente de Bolivia"},"content":{"rendered":"\n<figure class=\"wp-block-image size-large\"><img loading=\"lazy\" decoding=\"async\" width=\"682\" height=\"1024\" src=\"http:\/\/172.16.215.10\/wp-content\/uploads\/2026\/01\/71be8466-0552-4148-b0e6-cc415967a6fd-682x1024.jpg\" alt=\"\" class=\"wp-image-18450\" srcset=\"https:\/\/presidencia.gob.bo\/wp-content\/uploads\/2026\/01\/71be8466-0552-4148-b0e6-cc415967a6fd-682x1024.jpg 682w, https:\/\/presidencia.gob.bo\/wp-content\/uploads\/2026\/01\/71be8466-0552-4148-b0e6-cc415967a6fd-200x300.jpg 200w, https:\/\/presidencia.gob.bo\/wp-content\/uploads\/2026\/01\/71be8466-0552-4148-b0e6-cc415967a6fd-768x1152.jpg 768w, https:\/\/presidencia.gob.bo\/wp-content\/uploads\/2026\/01\/71be8466-0552-4148-b0e6-cc415967a6fd-1024x1536.jpg 1024w, https:\/\/presidencia.gob.bo\/wp-content\/uploads\/2026\/01\/71be8466-0552-4148-b0e6-cc415967a6fd-1365x2048.jpg 1365w, https:\/\/presidencia.gob.bo\/wp-content\/uploads\/2026\/01\/71be8466-0552-4148-b0e6-cc415967a6fd.jpg 1706w\" sizes=\"auto, (max-width: 682px) 100vw, 682px\" \/><\/figure>\n\n\n\n<p class=\"wp-block-paragraph\">Rodrigo Paz Pereira<\/p>\n\n\n\n<p class=\"wp-block-paragraph\"><strong>Presidente de Bolivia<\/strong><\/p>\n\n\n\n<p class=\"wp-block-paragraph\">Naci\u00f3 el 22 de septiembre de 1967, en el exilio pol\u00edtico por las dictaduras militares. Es hijo del expresidente Jaime Paz Zamora y sobrino nieto del expresidente V\u00edctor Paz Estenssoro.<\/p>\n\n\n\n<p class=\"wp-block-paragraph\">Estudi\u00f3 en colegios jesuitas en diferentes pa\u00edses de la regi\u00f3n. Cuando se instaur\u00f3 la democracia en Bolivia, sali\u00f3 bachiller del colegio San Ignacio de La Paz. Obtuvo el t\u00edtulo en Econom\u00eda y Relaciones Internacionales, y culmin\u00f3 una maestr\u00eda en Gesti\u00f3n Pol\u00edtica por la Universidad Americana de Estados Unidos.<\/p>\n\n\n\n<p class=\"wp-block-paragraph\">Fue diputado electo por Tarija, entre 2002 y 2010. En 2010, fue electo concejal de Tarija por la agrupaci\u00f3n pol\u00edtica Unidos para Renovar (UNIR). Fue tambi\u00e9n electo por sus colegas como presidente del Concejo Municipal. Gan\u00f3 por voto popular la Alcald\u00eda de Tarija, entre 2015 y 2020. Adem\u00e1s, se desempe\u00f1\u00f3 como senador nacional, entre 2020 y 2025.<\/p>\n\n\n\n<p class=\"wp-block-paragraph\">Casado con Mar\u00eda Elena Urquidi Barbery, tiene cuatro hijos: Catalina, Alicia, Paulino y Elena.<\/p>\n\n\n\n<p class=\"wp-block-paragraph\">Asumi\u00f3 la presidencia del Estado Plurinacional de Bolivia el 8 de noviembre de 2025.<\/p>\n","protected":false},"excerpt":{"rendered":"<p>Rodrigo Paz Pereira Presidente de Bolivia Naci\u00f3 el 22 de septiembre de 1967, en el exilio pol\u00edtico por las dictaduras militares. Es hijo del expresidente Jaime Paz Zamora y sobrino nieto del expresidente V\u00edctor Paz Estenssoro. Estudi\u00f3 en colegios jesuitas en diferentes pa\u00edses de la regi\u00f3n. Cuando se instaur\u00f3 la democracia en Bolivia, sali\u00f3 bachiller [&hellip;]<\/p>\n","protected":false},"author":1,"featured_media":0,"parent":0,"menu_order":0,"comment_status":"closed","ping_status":"closed","template":"","meta":{"_acf_changed":false,"footnotes":""},"class_list":["post-18449","page","type-page","status-publish","hentry"],"acf":[],"_links":{"self":[{"href":"https:\/\/presidencia.gob.bo\/index.php\/wp-json\/wp\/v2\/pages\/18449","targetHints":{"allow":["GET"]}}],"collection":[{"href":"https:\/\/presidencia.gob.bo\/index.php\/wp-json\/wp\/v2\/pages"}],"about":[{"href":"https:\/\/presidencia.gob.bo\/index.php\/wp-json\/wp\/v2\/types\/page"}],"author":[{"embeddable":true,"href":"https:\/\/presidencia.gob.bo\/index.php\/wp-json\/wp\/v2\/users\/1"}],"replies":[{"embeddable":true,"href":"https:\/\/presidencia.gob.bo\/index.php\/wp-json\/wp\/v2\/comments?post=18449"}],"version-history":[{"count":1,"href":"https:\/\/presidencia.gob.bo\/index.php\/wp-json\/wp\/v2\/pages\/18449\/revisions"}],"predecessor-version":[{"id":18451,"href":"https:\/\/presidencia.gob.bo\/index.php\/wp-json\/wp\/v2\/pages\/18449\/revisions\/18451"}],"wp:attachment":[{"href":"https:\/\/presidencia.gob.bo\/index.php\/wp-json\/wp\/v2\/media?parent=18449"}],"curies":[{"name":"wp","href":"https:\/\/api.w.org\/{rel}","templated":true}]}}

<figure class="wp-block-image size-large"><img loading="lazy" decoding="async" width="682" height="1024" src="http://172.16.215.10/wp-content/uploads/2026/01/71be8466-0552-4148-b0e6-cc415967a6fd-682x1024.jpg" alt="" class="wp-image-18450" srcset="https://presidencia.gob.bo/wp-content/uploads/2026/01/71be8466-0552-4148-b0e6-cc415967a6fd-682x1024.jpg 682w, https://presidencia.gob.bo/wp-content/uploads/2026/01/71be8466-0552-4148-b0e6-cc415967a6fd-200x300.jpg 200w, https://presidencia.gob.bo/wp-content/uploads/2026/01/71be8466-0552-4148-b0e6-cc415967a6fd-768x1152.jpg 768w, https://presidencia.gob.bo/wp-content/uploads/2026/01/71be8466-0552-4148-b0e6-cc415967a6fd-1024x1536.jpg 1024w, https://presidencia.gob.bo/wp-content/uploads/2026/01/71be8466-0552-4148-b0e6-cc415967a6fd-1365x2048.jpg 1365w, https://presidencia.gob.bo/wp-content/uploads/2026/01/71be8466-0552-4148-b0e6-cc415967a6fd.jpg 1706w" sizes="auto, (max-width: 682px) 100vw, 682px" /></figure>



<p class="wp-block-paragraph">Rodrigo Paz Pereira</p>



<p class="wp-block-paragraph"><strong>Presidente de Bolivia</strong></p>



<p class="wp-block-paragraph">Nació el 22 de septiembre de 1967, en el exilio político por las dictaduras militares. Es hijo del expresidente Jaime Paz Zamora y sobrino nieto del expresidente Víctor Paz Estenssoro.</p>



<p class="wp-block-paragraph">Estudió en colegios jesuitas en diferentes países de la región. Cuando se instauró la democracia en Bolivia, salió bachiller del colegio San Ignacio de La Paz. Obtuvo el título en Economía y Relaciones Internacionales, y culminó una maestría en Gestión Política por la Universidad Americana de Estados Unidos.</p>



<p class="wp-block-paragraph">Fue diputado electo por Tarija, entre 2002 y 2010. En 2010, fue electo concejal de Tarija por la agrupación política Unidos para Renovar (UNIR). Fue también electo por sus colegas como presidente del Concejo Municipal. Ganó por voto popular la Alcaldía de Tarija, entre 2015 y 2020. Además, se desempeñó como senador nacional, entre 2020 y 2025.</p>



<p class="wp-block-paragraph">Casado con María Elena Urquidi Barbery, tiene cuatro hijos: Catalina, Alicia, Paulino y Elena.</p>



<p class="wp-block-paragraph">Asumió la presidencia del Estado Plurinacional de Bolivia el 8 de noviembre de 2025.</p>

<p>Rodrigo Paz Pereira Presidente de Bolivia Nació el 22 de septiembre de 1967, en el exilio político por las dictaduras militares. Es hijo del expresidente Jaime Paz Zamora y sobrino nieto del expresidente Víctor Paz Estenssoro. Estudió en colegios jesuitas en diferentes países de la región. Cuando se instauró la democracia en Bolivia, salió bachiller [&hellip;]</p>
