{"id":18446,"date":"2026-01-16T09:22:33","date_gmt":"2026-01-16T13:22:33","guid":{"rendered":"http:\/\/172.16.215.10\/?page_id=18446"},"modified":"2026-08-04T15:50:45","modified_gmt":"2026-08-04T19:50:45","slug":"ministro-de-la-presidencia","status":"publish","type":"page","link":"https:\/\/presidencia.gob.bo\/index.php\/ministro-de-la-presidencia\/","title":{"rendered":"Ministro de la Presidencia"},"content":{"rendered":"\n<figure class=\"wp-block-image size-full\"><img loading=\"lazy\" decoding=\"async\" width=\"2560\" height=\"1986\" src=\"https:\/\/presidencia.gob.bo\/wp-content\/uploads\/2026\/08\/DSC00495.jpg-1-scaled.jpeg\" alt=\"\" class=\"wp-image-19458\" srcset=\"https:\/\/presidencia.gob.bo\/wp-content\/uploads\/2026\/08\/DSC00495.jpg-1-scaled.jpeg 2560w, https:\/\/presidencia.gob.bo\/wp-content\/uploads\/2026\/08\/DSC00495.jpg-1-300x233.jpeg 300w, https:\/\/presidencia.gob.bo\/wp-content\/uploads\/2026\/08\/DSC00495.jpg-1-1024x795.jpeg 1024w, https:\/\/presidencia.gob.bo\/wp-content\/uploads\/2026\/08\/DSC00495.jpg-1-768x596.jpeg 768w, https:\/\/presidencia.gob.bo\/wp-content\/uploads\/2026\/08\/DSC00495.jpg-1-1536x1192.jpeg 1536w, https:\/\/presidencia.gob.bo\/wp-content\/uploads\/2026\/08\/DSC00495.jpg-1-2048x1589.jpeg 2048w\" sizes=\"auto, (max-width: 2560px) 100vw, 2560px\" \/><\/figure>\n\n\n\n<p class=\"wp-block-paragraph\"><strong>Fernando Hugo Aramayo Carrasco<\/strong><br>Ministro de la Presidencia<\/p>\n\n\n\n<p class=\"wp-block-paragraph\">Licenciado en Econom\u00eda.<\/p>\n\n\n\n<p class=\"wp-block-paragraph\">Cuenta con una maestr\u00eda en Gesti\u00f3n de Pol\u00edticas P\u00fablicas.<\/p>\n\n\n\n<p class=\"wp-block-paragraph\">Especialista en Econom\u00eda Pol\u00edtica, Pol\u00edticas P\u00fablicas, Resoluci\u00f3n Alternativa de Conflictos y Gesti\u00f3n de la Cooperaci\u00f3n Internacional.<\/p>\n\n\n\n<p class=\"wp-block-paragraph\">Fue Jefe de Pol\u00edtica Econ\u00f3mica, Estrategia e Innovaci\u00f3n de la Oficina del Programa de las Naciones Unidas para el Desarrollo (PNUD) en Bolivia y Asesor en Democracia y Desarrollo de la Oficina Regional del PNUD para Am\u00e9rica Latina y el Caribe.<\/p>\n\n\n\n<p class=\"wp-block-paragraph\">Se desempe\u00f1\u00f3 como asesor de pol\u00edticas p\u00fablicas y mediador, liderando procesos nacionales de alto impacto como la Asamblea Constituyente de Bolivia y el Censo Nacional de Poblaci\u00f3n y Vivienda de 2001.<\/p>\n\n\n\n<p class=\"wp-block-paragraph\">Cuenta con m\u00e1s de 25 a\u00f1os de experiencia en pol\u00edticas econ\u00f3micas, evaluaci\u00f3n de programas y proyectos, gobernanza, di\u00e1logo, negociaci\u00f3n, facilitaci\u00f3n y mediaci\u00f3n de procesos de desarrollo, crisis y postcrisis.<\/p>\n\n\n\n<p class=\"wp-block-paragraph\">Trabaj\u00f3 en proyectos de cooperaci\u00f3n y desarrollo en Am\u00e9rica Latina, \u00c1frica y Medio Oriente, incluyendo Bolivia, Colombia, Ecuador, Per\u00fa, Honduras, Guatemala, El Salvador, Jordania, Kenia y Palestina.<\/p>\n\n\n\n<p class=\"wp-block-paragraph\">Cuenta con una amplia trayectoria en organismos internacionales, agencias de cooperaci\u00f3n y entidades p\u00fablicas y privadas, participando en iniciativas de fortalecimiento institucional y desarrollo.<\/p>\n\n\n\n<p class=\"wp-block-paragraph\">Trabaj\u00f3 con el PNUD, la Cooperaci\u00f3n Alemana (GIZ), el Banco Mundial, el Banco Interamericano de Desarrollo y otras organizaciones internacionales, como consultor en gobernanza democr\u00e1tica, construcci\u00f3n de paz, descentralizaci\u00f3n y gesti\u00f3n de pol\u00edticas p\u00fablicas.<\/p>\n","protected":false},"excerpt":{"rendered":"<p>Fernando Hugo Aramayo CarrascoMinistro de la Presidencia Licenciado en Econom\u00eda. Cuenta con una maestr\u00eda en Gesti\u00f3n de Pol\u00edticas P\u00fablicas. Especialista en Econom\u00eda Pol\u00edtica, Pol\u00edticas P\u00fablicas, Resoluci\u00f3n Alternativa de Conflictos y Gesti\u00f3n de la Cooperaci\u00f3n Internacional. Fue Jefe de Pol\u00edtica Econ\u00f3mica, Estrategia e Innovaci\u00f3n de la Oficina del Programa de las Naciones Unidas para el Desarrollo [&hellip;]<\/p>\n","protected":false},"author":1,"featured_media":0,"parent":0,"menu_order":0,"comment_status":"closed","ping_status":"closed","template":"","meta":{"_acf_changed":false,"footnotes":""},"class_list":["post-18446","page","type-page","status-publish","hentry"],"acf":[],"_links":{"self":[{"href":"https:\/\/presidencia.gob.bo\/index.php\/wp-json\/wp\/v2\/pages\/18446","targetHints":{"allow":["GET"]}}],"collection":[{"href":"https:\/\/presidencia.gob.bo\/index.php\/wp-json\/wp\/v2\/pages"}],"about":[{"href":"https:\/\/presidencia.gob.bo\/index.php\/wp-json\/wp\/v2\/types\/page"}],"author":[{"embeddable":true,"href":"https:\/\/presidencia.gob.bo\/index.php\/wp-json\/wp\/v2\/users\/1"}],"replies":[{"embeddable":true,"href":"https:\/\/presidencia.gob.bo\/index.php\/wp-json\/wp\/v2\/comments?post=18446"}],"version-history":[{"count":3,"href":"https:\/\/presidencia.gob.bo\/index.php\/wp-json\/wp\/v2\/pages\/18446\/revisions"}],"predecessor-version":[{"id":19461,"href":"https:\/\/presidencia.gob.bo\/index.php\/wp-json\/wp\/v2\/pages\/18446\/revisions\/19461"}],"wp:attachment":[{"href":"https:\/\/presidencia.gob.bo\/index.php\/wp-json\/wp\/v2\/media?parent=18446"}],"curies":[{"name":"wp","href":"https:\/\/api.w.org\/{rel}","templated":true}]}}

<figure class="wp-block-image size-full"><img loading="lazy" decoding="async" width="2560" height="1986" src="https://presidencia.gob.bo/wp-content/uploads/2026/08/DSC00495.jpg-1-scaled.jpeg" alt="" class="wp-image-19458" srcset="https://presidencia.gob.bo/wp-content/uploads/2026/08/DSC00495.jpg-1-scaled.jpeg 2560w, https://presidencia.gob.bo/wp-content/uploads/2026/08/DSC00495.jpg-1-300x233.jpeg 300w, https://presidencia.gob.bo/wp-content/uploads/2026/08/DSC00495.jpg-1-1024x795.jpeg 1024w, https://presidencia.gob.bo/wp-content/uploads/2026/08/DSC00495.jpg-1-768x596.jpeg 768w, https://presidencia.gob.bo/wp-content/uploads/2026/08/DSC00495.jpg-1-1536x1192.jpeg 1536w, https://presidencia.gob.bo/wp-content/uploads/2026/08/DSC00495.jpg-1-2048x1589.jpeg 2048w" sizes="auto, (max-width: 2560px) 100vw, 2560px" /></figure>



<p class="wp-block-paragraph"><strong>Fernando Hugo Aramayo Carrasco</strong><br>Ministro de la Presidencia</p>



<p class="wp-block-paragraph">Licenciado en Economía.</p>



<p class="wp-block-paragraph">Cuenta con una maestría en Gestión de Políticas Públicas.</p>



<p class="wp-block-paragraph">Especialista en Economía Política, Políticas Públicas, Resolución Alternativa de Conflictos y Gestión de la Cooperación Internacional.</p>



<p class="wp-block-paragraph">Fue Jefe de Política Económica, Estrategia e Innovación de la Oficina del Programa de las Naciones Unidas para el Desarrollo (PNUD) en Bolivia y Asesor en Democracia y Desarrollo de la Oficina Regional del PNUD para América Latina y el Caribe.</p>



<p class="wp-block-paragraph">Se desempeñó como asesor de políticas públicas y mediador, liderando procesos nacionales de alto impacto como la Asamblea Constituyente de Bolivia y el Censo Nacional de Población y Vivienda de 2001.</p>



<p class="wp-block-paragraph">Cuenta con más de 25 años de experiencia en políticas económicas, evaluación de programas y proyectos, gobernanza, diálogo, negociación, facilitación y mediación de procesos de desarrollo, crisis y postcrisis.</p>



<p class="wp-block-paragraph">Trabajó en proyectos de cooperación y desarrollo en América Latina, África y Medio Oriente, incluyendo Bolivia, Colombia, Ecuador, Perú, Honduras, Guatemala, El Salvador, Jordania, Kenia y Palestina.</p>



<p class="wp-block-paragraph">Cuenta con una amplia trayectoria en organismos internacionales, agencias de cooperación y entidades públicas y privadas, participando en iniciativas de fortalecimiento institucional y desarrollo.</p>



<p class="wp-block-paragraph">Trabajó con el PNUD, la Cooperación Alemana (GIZ), el Banco Mundial, el Banco Interamericano de Desarrollo y otras organizaciones internacionales, como consultor en gobernanza democrática, construcción de paz, descentralización y gestión de políticas públicas.</p>

<p>Fernando Hugo Aramayo CarrascoMinistro de la Presidencia Licenciado en Economía. Cuenta con una maestría en Gestión de Políticas Públicas. Especialista en Economía Política, Políticas Públicas, Resolución Alternativa de Conflictos y Gestión de la Cooperación Internacional. Fue Jefe de Política Económica, Estrategia e Innovación de la Oficina del Programa de las Naciones Unidas para el Desarrollo [&hellip;]</p>
