{"id":19762,"date":"2026-08-31T10:31:27","date_gmt":"2026-08-31T14:31:27","guid":{"rendered":"https:\/\/presidencia.gob.bo\/?post_type=galeria&#038;p=19762"},"modified":"2026-08-31T10:31:27","modified_gmt":"2026-08-31T14:31:27","slug":"aniversario-de-la-camara-nacional-de-exportadores-logistica-y-promocion-de-inversiones-de-bolivia-caneb","status":"publish","type":"galeria","link":"https:\/\/presidencia.gob.bo\/index.php\/galeria\/aniversario-de-la-camara-nacional-de-exportadores-logistica-y-promocion-de-inversiones-de-bolivia-caneb\/","title":{"rendered":"Aniversario de la C\u00e1mara Nacional de Exportadores, Log\u00edstica y Promoci\u00f3n de Inversiones de Bolivia (CANEB)"},"featured_media":19767,"template":"","meta":{"_acf_changed":false},"class_list":["post-19762","galeria","type-galeria","status-publish","has-post-thumbnail","hentry"],"acf":[],"_links":{"self":[{"href":"https:\/\/presidencia.gob.bo\/index.php\/wp-json\/wp\/v2\/galeria\/19762","targetHints":{"allow":["GET"]}}],"collection":[{"href":"https:\/\/presidencia.gob.bo\/index.php\/wp-json\/wp\/v2\/galeria"}],"about":[{"href":"https:\/\/presidencia.gob.bo\/index.php\/wp-json\/wp\/v2\/types\/galeria"}],"wp:featuredmedia":[{"embeddable":true,"href":"https:\/\/presidencia.gob.bo\/index.php\/wp-json\/wp\/v2\/media\/19767"}],"wp:attachment":[{"href":"https:\/\/presidencia.gob.bo\/index.php\/wp-json\/wp\/v2\/media?parent=19762"}],"curies":[{"name":"wp","href":"https:\/\/api.w.org\/{rel}","templated":true}]}}

Aniversario de la Cámara Nacional de Exportadores, Logística y Promoción de Inversiones de Bolivia (CANEB)
