{"id":19738,"date":"2026-08-31T10:24:31","date_gmt":"2026-08-31T14:24:31","guid":{"rendered":"https:\/\/presidencia.gob.bo\/?post_type=galeria&#038;p=19738"},"modified":"2026-08-31T10:24:31","modified_gmt":"2026-08-31T14:24:31","slug":"reunion-con-la-gobernadora-de-pando-gabriela-de-paiva-y-representantes-de-la-federacion-sindical-unica-de-trabajadores-campesinos-de-pando","status":"publish","type":"galeria","link":"https:\/\/presidencia.gob.bo\/index.php\/galeria\/reunion-con-la-gobernadora-de-pando-gabriela-de-paiva-y-representantes-de-la-federacion-sindical-unica-de-trabajadores-campesinos-de-pando\/","title":{"rendered":"Reuni\u00f3n con la Gobernadora de Pando, Gabriela de Paiva, y representantes de la Federaci\u00f3n Sindical \u00danica de Trabajadores Campesinos de Pando"},"featured_media":19740,"template":"","meta":{"_acf_changed":false},"class_list":["post-19738","galeria","type-galeria","status-publish","has-post-thumbnail","hentry"],"acf":[],"_links":{"self":[{"href":"https:\/\/presidencia.gob.bo\/index.php\/wp-json\/wp\/v2\/galeria\/19738","targetHints":{"allow":["GET"]}}],"collection":[{"href":"https:\/\/presidencia.gob.bo\/index.php\/wp-json\/wp\/v2\/galeria"}],"about":[{"href":"https:\/\/presidencia.gob.bo\/index.php\/wp-json\/wp\/v2\/types\/galeria"}],"wp:featuredmedia":[{"embeddable":true,"href":"https:\/\/presidencia.gob.bo\/index.php\/wp-json\/wp\/v2\/media\/19740"}],"wp:attachment":[{"href":"https:\/\/presidencia.gob.bo\/index.php\/wp-json\/wp\/v2\/media?parent=19738"}],"curies":[{"name":"wp","href":"https:\/\/api.w.org\/{rel}","templated":true}]}}

Reunión con la Gobernadora de Pando, Gabriela de Paiva, y representantes de la Federación Sindical Única de Trabajadores Campesinos de Pando
