{"id":19549,"date":"2026-08-17T19:12:46","date_gmt":"2026-08-17T23:12:46","guid":{"rendered":"https:\/\/presidencia.gob.bo\/?post_type=galeria&#038;p=19549"},"modified":"2026-08-17T19:12:46","modified_gmt":"2026-08-17T23:12:46","slug":"reunion-con-representantes-de-la-confederacion-sindical-unica-de-trabajadores-campesinos-de-bolivia-csutcb","status":"publish","type":"galeria","link":"https:\/\/presidencia.gob.bo\/index.php\/galeria\/reunion-con-representantes-de-la-confederacion-sindical-unica-de-trabajadores-campesinos-de-bolivia-csutcb\/","title":{"rendered":"Reuni\u00f3n con representantes de la Confederaci\u00f3n Sindical \u00danica de Trabajadores Campesinos de Bolivia (CSUTCB)"},"featured_media":19556,"template":"","meta":{"_acf_changed":false},"class_list":["post-19549","galeria","type-galeria","status-publish","has-post-thumbnail","hentry"],"acf":[],"_links":{"self":[{"href":"https:\/\/presidencia.gob.bo\/index.php\/wp-json\/wp\/v2\/galeria\/19549","targetHints":{"allow":["GET"]}}],"collection":[{"href":"https:\/\/presidencia.gob.bo\/index.php\/wp-json\/wp\/v2\/galeria"}],"about":[{"href":"https:\/\/presidencia.gob.bo\/index.php\/wp-json\/wp\/v2\/types\/galeria"}],"wp:featuredmedia":[{"embeddable":true,"href":"https:\/\/presidencia.gob.bo\/index.php\/wp-json\/wp\/v2\/media\/19556"}],"wp:attachment":[{"href":"https:\/\/presidencia.gob.bo\/index.php\/wp-json\/wp\/v2\/media?parent=19549"}],"curies":[{"name":"wp","href":"https:\/\/api.w.org\/{rel}","templated":true}]}}

Reunión con representantes de la Confederación Sindical Única de Trabajadores Campesinos de Bolivia (CSUTCB)
