{"id":19195,"date":"2026-06-18T09:16:31","date_gmt":"2026-06-18T13:16:31","guid":{"rendered":"https:\/\/presidencia.gob.bo\/?post_type=galeria&#038;p=19195"},"modified":"2026-06-18T09:16:31","modified_gmt":"2026-06-18T13:16:31","slug":"primera-dama-bibi-urquidi-lidero-la-campana-una-bolivia-un-corazon","status":"publish","type":"galeria","link":"https:\/\/presidencia.gob.bo\/index.php\/galeria\/primera-dama-bibi-urquidi-lidero-la-campana-una-bolivia-un-corazon\/","title":{"rendered":"Primera dama Bibi Urquidi lider\u00f3 la campa\u00f1a &#8216;Una Bolivia, un Coraz\u00f3n&#8217;"},"featured_media":19203,"template":"","meta":{"_acf_changed":false},"class_list":["post-19195","galeria","type-galeria","status-publish","has-post-thumbnail","hentry"],"acf":[],"_links":{"self":[{"href":"https:\/\/presidencia.gob.bo\/index.php\/wp-json\/wp\/v2\/galeria\/19195","targetHints":{"allow":["GET"]}}],"collection":[{"href":"https:\/\/presidencia.gob.bo\/index.php\/wp-json\/wp\/v2\/galeria"}],"about":[{"href":"https:\/\/presidencia.gob.bo\/index.php\/wp-json\/wp\/v2\/types\/galeria"}],"wp:featuredmedia":[{"embeddable":true,"href":"https:\/\/presidencia.gob.bo\/index.php\/wp-json\/wp\/v2\/media\/19203"}],"wp:attachment":[{"href":"https:\/\/presidencia.gob.bo\/index.php\/wp-json\/wp\/v2\/media?parent=19195"}],"curies":[{"name":"wp","href":"https:\/\/api.w.org\/{rel}","templated":true}]}}

Primera dama Bibi Urquidi lideró la campaña &#8216;Una Bolivia, un Corazón&#8217;
