{"id":19191,"date":"2026-06-18T09:14:29","date_gmt":"2026-06-18T13:14:29","guid":{"rendered":"https:\/\/presidencia.gob.bo\/?post_type=galeria&#038;p=19191"},"modified":"2026-06-18T09:14:29","modified_gmt":"2026-06-18T13:14:29","slug":"presidente-rodrigo-paz-pereira-promulgo-la-ley-de-regulacion-de-estados-de-excepcion","status":"publish","type":"galeria","link":"https:\/\/presidencia.gob.bo\/index.php\/galeria\/presidente-rodrigo-paz-pereira-promulgo-la-ley-de-regulacion-de-estados-de-excepcion\/","title":{"rendered":"Presidente Rodrigo Paz Pereira promulg\u00f3 la Ley de Regulaci\u00f3n de Estados de Excepci\u00f3n"},"featured_media":19194,"template":"","meta":{"_acf_changed":false},"class_list":["post-19191","galeria","type-galeria","status-publish","has-post-thumbnail","hentry"],"acf":[],"_links":{"self":[{"href":"https:\/\/presidencia.gob.bo\/index.php\/wp-json\/wp\/v2\/galeria\/19191","targetHints":{"allow":["GET"]}}],"collection":[{"href":"https:\/\/presidencia.gob.bo\/index.php\/wp-json\/wp\/v2\/galeria"}],"about":[{"href":"https:\/\/presidencia.gob.bo\/index.php\/wp-json\/wp\/v2\/types\/galeria"}],"wp:featuredmedia":[{"embeddable":true,"href":"https:\/\/presidencia.gob.bo\/index.php\/wp-json\/wp\/v2\/media\/19194"}],"wp:attachment":[{"href":"https:\/\/presidencia.gob.bo\/index.php\/wp-json\/wp\/v2\/media?parent=19191"}],"curies":[{"name":"wp","href":"https:\/\/api.w.org\/{rel}","templated":true}]}}

Presidente Rodrigo Paz Pereira promulgó la Ley de Regulación de Estados de Excepción
