{"id":18956,"date":"2026-04-16T12:06:26","date_gmt":"2026-04-16T16:06:26","guid":{"rendered":"http:\/\/172.16.215.10\/?post_type=galeria&#038;p=18956"},"modified":"2026-04-16T12:06:26","modified_gmt":"2026-04-16T16:06:26","slug":"posesion-de-jorge-franz-garcia-pinto-como-viceministro-de-justicia-indigena-originaria-campesina-y-coordinacion-con-movimientos-sociales-y-sociedad-civil","status":"publish","type":"galeria","link":"https:\/\/presidencia.gob.bo\/index.php\/galeria\/posesion-de-jorge-franz-garcia-pinto-como-viceministro-de-justicia-indigena-originaria-campesina-y-coordinacion-con-movimientos-sociales-y-sociedad-civil\/","title":{"rendered":"Posesi\u00f3n de Jorge Franz Garc\u00eda Pinto, como viceministro de Justicia Ind\u00edgena Originaria Campesina y Coordinaci\u00f3n con Movimientos Sociales y Sociedad Civil"},"featured_media":18958,"template":"","meta":{"_acf_changed":false},"class_list":["post-18956","galeria","type-galeria","status-publish","has-post-thumbnail","hentry"],"acf":[],"_links":{"self":[{"href":"https:\/\/presidencia.gob.bo\/index.php\/wp-json\/wp\/v2\/galeria\/18956","targetHints":{"allow":["GET"]}}],"collection":[{"href":"https:\/\/presidencia.gob.bo\/index.php\/wp-json\/wp\/v2\/galeria"}],"about":[{"href":"https:\/\/presidencia.gob.bo\/index.php\/wp-json\/wp\/v2\/types\/galeria"}],"wp:featuredmedia":[{"embeddable":true,"href":"https:\/\/presidencia.gob.bo\/index.php\/wp-json\/wp\/v2\/media\/18958"}],"wp:attachment":[{"href":"https:\/\/presidencia.gob.bo\/index.php\/wp-json\/wp\/v2\/media?parent=18956"}],"curies":[{"name":"wp","href":"https:\/\/api.w.org\/{rel}","templated":true}]}}

Posesión de Jorge Franz García Pinto, como viceministro de Justicia Indígena Originaria Campesina y Coordinación con Movimientos Sociales y Sociedad Civil
