{"id":18950,"date":"2026-04-16T12:04:28","date_gmt":"2026-04-16T16:04:28","guid":{"rendered":"http:\/\/172.16.215.10\/?post_type=galeria&#038;p=18950"},"modified":"2026-04-16T12:04:28","modified_gmt":"2026-04-16T16:04:28","slug":"eliminacion-de-contratacion-directa-y-obliga-a-la-licitacion-publica-en-todo-el-estado","status":"publish","type":"galeria","link":"https:\/\/presidencia.gob.bo\/index.php\/galeria\/eliminacion-de-contratacion-directa-y-obliga-a-la-licitacion-publica-en-todo-el-estado\/","title":{"rendered":"Eliminaci\u00f3n de contrataci\u00f3n directa y obliga a la licitaci\u00f3n p\u00fablica en todo el Estado"},"featured_media":18953,"template":"","meta":{"_acf_changed":false},"class_list":["post-18950","galeria","type-galeria","status-publish","has-post-thumbnail","hentry"],"acf":[],"_links":{"self":[{"href":"https:\/\/presidencia.gob.bo\/index.php\/wp-json\/wp\/v2\/galeria\/18950","targetHints":{"allow":["GET"]}}],"collection":[{"href":"https:\/\/presidencia.gob.bo\/index.php\/wp-json\/wp\/v2\/galeria"}],"about":[{"href":"https:\/\/presidencia.gob.bo\/index.php\/wp-json\/wp\/v2\/types\/galeria"}],"wp:featuredmedia":[{"embeddable":true,"href":"https:\/\/presidencia.gob.bo\/index.php\/wp-json\/wp\/v2\/media\/18953"}],"wp:attachment":[{"href":"https:\/\/presidencia.gob.bo\/index.php\/wp-json\/wp\/v2\/media?parent=18950"}],"curies":[{"name":"wp","href":"https:\/\/api.w.org\/{rel}","templated":true}]}}

Eliminación de contratación directa y obliga a la licitación pública en todo el Estado
