{"id":18940,"date":"2026-04-16T11:56:19","date_gmt":"2026-04-16T15:56:19","guid":{"rendered":"http:\/\/172.16.215.10\/?post_type=galeria&#038;p=18940"},"modified":"2026-04-16T11:56:19","modified_gmt":"2026-04-16T15:56:19","slug":"posesion-a-hernan-pereira-fernandez-como-nuevo-director-nacional-a-i-del-instituto-nacional-de-reforma-agraria-inra","status":"publish","type":"galeria","link":"https:\/\/presidencia.gob.bo\/index.php\/galeria\/posesion-a-hernan-pereira-fernandez-como-nuevo-director-nacional-a-i-del-instituto-nacional-de-reforma-agraria-inra\/","title":{"rendered":"Posesi\u00f3n a Hern\u00e1n Pereira Fern\u00e1ndez, como nuevo director nacional a.i. del Instituto Nacional de Reforma Agraria (INRA)"},"featured_media":18942,"template":"","meta":{"_acf_changed":false},"class_list":["post-18940","galeria","type-galeria","status-publish","has-post-thumbnail","hentry"],"acf":[],"_links":{"self":[{"href":"https:\/\/presidencia.gob.bo\/index.php\/wp-json\/wp\/v2\/galeria\/18940","targetHints":{"allow":["GET"]}}],"collection":[{"href":"https:\/\/presidencia.gob.bo\/index.php\/wp-json\/wp\/v2\/galeria"}],"about":[{"href":"https:\/\/presidencia.gob.bo\/index.php\/wp-json\/wp\/v2\/types\/galeria"}],"wp:featuredmedia":[{"embeddable":true,"href":"https:\/\/presidencia.gob.bo\/index.php\/wp-json\/wp\/v2\/media\/18942"}],"wp:attachment":[{"href":"https:\/\/presidencia.gob.bo\/index.php\/wp-json\/wp\/v2\/media?parent=18940"}],"curies":[{"name":"wp","href":"https:\/\/api.w.org\/{rel}","templated":true}]}}

Posesión a Hernán Pereira Fernández, como nuevo director nacional a.i. del Instituto Nacional de Reforma Agraria (INRA)
