{"id":18753,"date":"2026-03-16T12:53:48","date_gmt":"2026-03-16T16:53:48","guid":{"rendered":"http:\/\/172.16.215.10\/?post_type=galeria&#038;p=18753"},"modified":"2026-03-16T12:53:48","modified_gmt":"2026-03-16T16:53:48","slug":"ceremonia-religiosa-en-conmemoracion-de-los-fallecidos-y-heridos-en-el-tragico-accidente-aereo-de-el-alto","status":"publish","type":"galeria","link":"https:\/\/presidencia.gob.bo\/index.php\/galeria\/ceremonia-religiosa-en-conmemoracion-de-los-fallecidos-y-heridos-en-el-tragico-accidente-aereo-de-el-alto\/","title":{"rendered":"Ceremonia religiosa en conmemoraci\u00f3n de los fallecidos y heridos en el tr\u00e1gico accidente a\u00e9reo de El Alto"},"featured_media":18754,"template":"","meta":{"_acf_changed":false},"class_list":["post-18753","galeria","type-galeria","status-publish","has-post-thumbnail","hentry"],"acf":[],"_links":{"self":[{"href":"https:\/\/presidencia.gob.bo\/index.php\/wp-json\/wp\/v2\/galeria\/18753","targetHints":{"allow":["GET"]}}],"collection":[{"href":"https:\/\/presidencia.gob.bo\/index.php\/wp-json\/wp\/v2\/galeria"}],"about":[{"href":"https:\/\/presidencia.gob.bo\/index.php\/wp-json\/wp\/v2\/types\/galeria"}],"wp:featuredmedia":[{"embeddable":true,"href":"https:\/\/presidencia.gob.bo\/index.php\/wp-json\/wp\/v2\/media\/18754"}],"wp:attachment":[{"href":"https:\/\/presidencia.gob.bo\/index.php\/wp-json\/wp\/v2\/media?parent=18753"}],"curies":[{"name":"wp","href":"https:\/\/api.w.org\/{rel}","templated":true}]}}

Ceremonia religiosa en conmemoración de los fallecidos y heridos en el trágico accidente aéreo de El Alto
