{"id":18746,"date":"2026-03-16T12:51:37","date_gmt":"2026-03-16T16:51:37","guid":{"rendered":"http:\/\/172.16.215.10\/?post_type=galeria&#038;p=18746"},"modified":"2026-03-16T12:51:37","modified_gmt":"2026-03-16T16:51:37","slug":"propuesta-de-reglamento-de-la-ley-1680-de-proteccion-integral-y-reparacion-para-hijas-e-hijos-huerfanos-victimas-de-feminicidio","status":"publish","type":"galeria","link":"https:\/\/presidencia.gob.bo\/index.php\/galeria\/propuesta-de-reglamento-de-la-ley-1680-de-proteccion-integral-y-reparacion-para-hijas-e-hijos-huerfanos-victimas-de-feminicidio\/","title":{"rendered":"Propuesta de Reglamento de la Ley 1680 de Protecci\u00f3n Integral y Reparaci\u00f3n para Hijas e Hijos Hu\u00e9rfanos V\u00edctimas de Feminicidio"},"featured_media":18751,"template":"","meta":{"_acf_changed":false},"class_list":["post-18746","galeria","type-galeria","status-publish","has-post-thumbnail","hentry"],"acf":[],"_links":{"self":[{"href":"https:\/\/presidencia.gob.bo\/index.php\/wp-json\/wp\/v2\/galeria\/18746","targetHints":{"allow":["GET"]}}],"collection":[{"href":"https:\/\/presidencia.gob.bo\/index.php\/wp-json\/wp\/v2\/galeria"}],"about":[{"href":"https:\/\/presidencia.gob.bo\/index.php\/wp-json\/wp\/v2\/types\/galeria"}],"wp:featuredmedia":[{"embeddable":true,"href":"https:\/\/presidencia.gob.bo\/index.php\/wp-json\/wp\/v2\/media\/18751"}],"wp:attachment":[{"href":"https:\/\/presidencia.gob.bo\/index.php\/wp-json\/wp\/v2\/media?parent=18746"}],"curies":[{"name":"wp","href":"https:\/\/api.w.org\/{rel}","templated":true}]}}

Propuesta de Reglamento de la Ley 1680 de Protección Integral y Reparación para Hijas e Hijos Huérfanos Víctimas de Feminicidio
