{"id":18614,"date":"2026-01-22T17:54:55","date_gmt":"2026-01-22T21:54:55","guid":{"rendered":"http:\/\/172.16.215.10\/?post_type=galeria&#038;p=18614"},"modified":"2026-01-22T17:54:55","modified_gmt":"2026-01-22T21:54:55","slug":"visita-del-embajador-de-la-republica-del-peru-en-bolivia-carlos-daniel-chavez-taffur-schmidt","status":"publish","type":"galeria","link":"https:\/\/presidencia.gob.bo\/index.php\/galeria\/visita-del-embajador-de-la-republica-del-peru-en-bolivia-carlos-daniel-chavez-taffur-schmidt\/","title":{"rendered":"Visita del embajador de la Rep\u00fablica del Per\u00fa en Bolivia, Carlos Daniel Ch\u00e1vez-Taffur Schmidt"},"featured_media":18615,"template":"","meta":{"_acf_changed":false},"class_list":["post-18614","galeria","type-galeria","status-publish","has-post-thumbnail","hentry"],"acf":[],"_links":{"self":[{"href":"https:\/\/presidencia.gob.bo\/index.php\/wp-json\/wp\/v2\/galeria\/18614","targetHints":{"allow":["GET"]}}],"collection":[{"href":"https:\/\/presidencia.gob.bo\/index.php\/wp-json\/wp\/v2\/galeria"}],"about":[{"href":"https:\/\/presidencia.gob.bo\/index.php\/wp-json\/wp\/v2\/types\/galeria"}],"wp:featuredmedia":[{"embeddable":true,"href":"https:\/\/presidencia.gob.bo\/index.php\/wp-json\/wp\/v2\/media\/18615"}],"wp:attachment":[{"href":"https:\/\/presidencia.gob.bo\/index.php\/wp-json\/wp\/v2\/media?parent=18614"}],"curies":[{"name":"wp","href":"https:\/\/api.w.org\/{rel}","templated":true}]}}

Visita del embajador de la República del Perú en Bolivia, Carlos Daniel Chávez-Taffur Schmidt
